{"id":29509,"date":"2023-03-07T13:55:23","date_gmt":"2023-03-07T13:55:23","guid":{"rendered":"https:\/\/www.expresscouverture.fr\/?page_id=29509"},"modified":"2026-03-20T05:07:29","modified_gmt":"2026-03-20T05:07:29","slug":"our-services","status":"publish","type":"page","link":"https:\/\/couvreur-armand-couverture.fr\/?page_id=29509","title":{"rendered":"NOS SERVICES"},"content":{"rendered":"\t\t<div data-elementor-type=\"wp-page\" data-elementor-id=\"29509\" class=\"elementor elementor-29509\">\n\t\t\t\t\t\t<section class=\"elementor-section elementor-top-section elementor-element elementor-element-1c581116 elementor-section-boxed elementor-section-height-default elementor-section-height-default sc_fly_static\" data-id=\"1c581116\" data-element_type=\"section\" data-e-type=\"section\">\n\t\t\t\t\t\t<div class=\"elementor-container elementor-column-gap-extended\">\n\t\t\t\t\t<div class=\"elementor-column elementor-col-100 elementor-top-column elementor-element elementor-element-4431957e sc_layouts_column_align_center sc_layouts_column sc_content_align_inherit sc_layouts_column_icons_position_left sc_fly_static\" data-id=\"4431957e\" data-element_type=\"column\" data-e-type=\"column\">\n\t\t\t<div class=\"elementor-widget-wrap elementor-element-populated\">\n\t\t\t\t\t\t<div class=\"elementor-element elementor-element-570f422e sc_height_huge sc_fly_static elementor-widget elementor-widget-spacer\" data-id=\"570f422e\" data-element_type=\"widget\" data-e-type=\"widget\" data-widget_type=\"spacer.default\">\n\t\t\t\t<div class=\"elementor-widget-container\">\n\t\t\t\t\t\t\t<div class=\"elementor-spacer\">\n\t\t\t<div class=\"elementor-spacer-inner\"><\/div>\n\t\t<\/div>\n\t\t\t\t\t\t<\/div>\n\t\t\t\t<\/div>\n\t\t\t\t<div class=\"elementor-element elementor-element-38d3419 sc_height_small sc_fly_static elementor-widget elementor-widget-spacer\" data-id=\"38d3419\" data-element_type=\"widget\" data-e-type=\"widget\" data-widget_type=\"spacer.default\">\n\t\t\t\t<div class=\"elementor-widget-container\">\n\t\t\t\t\t\t\t<div class=\"elementor-spacer\">\n\t\t\t<div class=\"elementor-spacer-inner\"><\/div>\n\t\t<\/div>\n\t\t\t\t\t\t<\/div>\n\t\t\t\t<\/div>\n\t\t\t\t<div class=\"elementor-element elementor-element-70c06a75 elementor-widget__width-initial sc_fly_static elementor-widget elementor-widget-trx_sc_title\" data-id=\"70c06a75\" data-element_type=\"widget\" data-e-type=\"widget\" data-widget_type=\"trx_sc_title.default\">\n\t\t\t\t<div class=\"elementor-widget-container\">\n\t\t\t\t\t<div\t\tclass=\"sc_title sc_title_default\" ><span class=\"sc_item_subtitle sc_title_subtitle sc_item_subtitle_above sc_item_title_style_default\">Nos services<\/span><h1 class=\"sc_item_title sc_title_title sc_item_title_style_default sc_item_title_tag\"\n\t\t\t><span class=\"sc_item_title_text\">B\u00e9n\u00e9ficiez des meilleurs services et solutions pour votre toiture<\/span><\/h1><\/div>\t\t\t\t<\/div>\n\t\t\t\t<\/div>\n\t\t\t\t<div data-animation-type=\"sequental\" data-animation-stagger=\"\" class=\"elementor-element elementor-element-7457f19 animation_type_sequental sc_fly_static elementor-invisible elementor-widget elementor-widget-trx_sc_icons\" data-id=\"7457f19\" data-element_type=\"widget\" data-e-type=\"widget\" data-settings=\"{&quot;_animation&quot;:&quot;buildera-fadeinup&quot;,&quot;_animation_delay&quot;:100}\" data-widget_type=\"trx_sc_icons.default\">\n\t\t\t\t<div class=\"elementor-widget-container\">\n\t\t\t\t\t<div \tclass=\"sc_icons color_style_link2 sc_icons_figure sc_icons_size_large sc_align_center\" ><div class=\"sc_icons_columns_wrap sc_item_columns trx_addons_columns_wrap columns_padding_bottom columns_in_single_row\" ><div class=\"trx_addons_column-1_4 trx_addons_column-1_2-tablet\"><div class=\"sc_icons_item\"><div class=\"sc_icons_icon sc_icon_type_ icon-roof-3\" ><span class=\"sc_icon_type_ icon-roof-3\"><\/span><\/div><div class=\"sc_icons_item_details\"><h4 class=\"sc_icons_item_title\"><span>Installation<\/span><\/h4><\/div><\/div><\/div><div class=\"trx_addons_column-1_4 trx_addons_column-1_2-tablet\"><div class=\"sc_icons_item\"><div class=\"sc_icons_icon sc_icon_type_ icon-tools-4\" ><span class=\"sc_icon_type_ icon-tools-4\"><\/span><\/div><div class=\"sc_icons_item_details\"><h4 class=\"sc_icons_item_title\"><span>r\u00e9paration <\/span><\/h4><\/div><\/div><\/div><div class=\"trx_addons_column-1_4 trx_addons_column-1_2-tablet\"><div class=\"sc_icons_item\"><div class=\"sc_icons_icon sc_icon_type_ icon-roof\" ><span class=\"sc_icon_type_ icon-roof\"><\/span><\/div><div class=\"sc_icons_item_details\"><h4 class=\"sc_icons_item_title\"><span>remplacement<\/span><\/h4><\/div><\/div><\/div><div class=\"trx_addons_column-1_4 trx_addons_column-1_2-tablet\"><div class=\"sc_icons_item\"><div class=\"sc_icons_icon sc_icon_type_ icon-tools-3\" ><span class=\"sc_icon_type_ icon-tools-3\"><\/span><\/div><div class=\"sc_icons_item_details\"><h4 class=\"sc_icons_item_title\"><span>Maintenance<\/span><\/h4><\/div><\/div><\/div><\/div><\/div><!-- \/.sc_icons -->\t\t\t\t<\/div>\n\t\t\t\t<\/div>\n\t\t\t\t<div class=\"elementor-element elementor-element-59e0d8c2 sc_height_huge sc_fly_static elementor-widget elementor-widget-spacer\" data-id=\"59e0d8c2\" data-element_type=\"widget\" data-e-type=\"widget\" data-widget_type=\"spacer.default\">\n\t\t\t\t<div class=\"elementor-widget-container\">\n\t\t\t\t\t\t\t<div class=\"elementor-spacer\">\n\t\t\t<div class=\"elementor-spacer-inner\"><\/div>\n\t\t<\/div>\n\t\t\t\t\t\t<\/div>\n\t\t\t\t<\/div>\n\t\t\t\t\t<\/div>\n\t\t<\/div>\n\t\t\t\t\t<\/div>\n\t\t<\/section>\n\t\t\t\t<section class=\"elementor-section elementor-top-section elementor-element elementor-element-65d9c838 elementor-section-content-middle elementor-section-boxed elementor-section-height-default elementor-section-height-default sc_fly_static\" data-id=\"65d9c838\" data-element_type=\"section\" data-e-type=\"section\">\n\t\t\t\t\t\t<div class=\"elementor-container elementor-column-gap-extended\">\n\t\t\t\t\t<div class=\"elementor-column elementor-col-50 elementor-top-column elementor-element elementor-element-695ca9f4 sc_content_align_inherit sc_layouts_column_icons_position_left sc_fly_static\" data-id=\"695ca9f4\" data-element_type=\"column\" data-e-type=\"column\">\n\t\t\t<div class=\"elementor-widget-wrap elementor-element-populated\">\n\t\t\t\t\t\t<div class=\"elementor-element elementor-element-390ecc4 elementor-widget__width-initial sc_fly_static elementor-widget elementor-widget-image\" data-id=\"390ecc4\" data-element_type=\"widget\" data-e-type=\"widget\" data-widget_type=\"image.default\">\n\t\t\t\t<div class=\"elementor-widget-container\">\n\t\t\t\t\t\t\t\t\t\t\t\t\t\t\t<img fetchpriority=\"high\" decoding=\"async\" width=\"1024\" height=\"1024\" src=\"https:\/\/couvreur-armand-couverture.fr\/wp-content\/uploads\/2026\/01\/Metier-de-couvreur-1024x1024-1.jpg\" class=\"attachment-large size-large wp-image-35342\" alt=\"\" srcset=\"https:\/\/couvreur-armand-couverture.fr\/wp-content\/uploads\/2026\/01\/Metier-de-couvreur-1024x1024-1.jpg 1024w, https:\/\/couvreur-armand-couverture.fr\/wp-content\/uploads\/2026\/01\/Metier-de-couvreur-1024x1024-1-300x300.jpg 300w, https:\/\/couvreur-armand-couverture.fr\/wp-content\/uploads\/2026\/01\/Metier-de-couvreur-1024x1024-1-150x150.jpg 150w, https:\/\/couvreur-armand-couverture.fr\/wp-content\/uploads\/2026\/01\/Metier-de-couvreur-1024x1024-1-768x768.jpg 768w, https:\/\/couvreur-armand-couverture.fr\/wp-content\/uploads\/2026\/01\/Metier-de-couvreur-1024x1024-1-370x370.jpg 370w, https:\/\/couvreur-armand-couverture.fr\/wp-content\/uploads\/2026\/01\/Metier-de-couvreur-1024x1024-1-120x120.jpg 120w, https:\/\/couvreur-armand-couverture.fr\/wp-content\/uploads\/2026\/01\/Metier-de-couvreur-1024x1024-1-840x840.jpg 840w, https:\/\/couvreur-armand-couverture.fr\/wp-content\/uploads\/2026\/01\/Metier-de-couvreur-1024x1024-1-410x410.jpg 410w\" sizes=\"(max-width: 1024px) 100vw, 1024px\" \/>\t\t\t\t\t\t\t\t\t\t\t\t\t\t\t<\/div>\n\t\t\t\t<\/div>\n\t\t\t\t\t<\/div>\n\t\t<\/div>\n\t\t\t\t<div class=\"elementor-column elementor-col-50 elementor-top-column elementor-element elementor-element-164947fe sc_content_align_inherit sc_layouts_column_icons_position_left sc_fly_static\" data-id=\"164947fe\" data-element_type=\"column\" data-e-type=\"column\">\n\t\t\t<div class=\"elementor-widget-wrap elementor-element-populated\">\n\t\t\t\t\t\t<div class=\"elementor-element elementor-element-15164f7e sc_fly_static elementor-widget elementor-widget-trx_sc_title\" data-id=\"15164f7e\" data-element_type=\"widget\" data-e-type=\"widget\" data-widget_type=\"trx_sc_title.default\">\n\t\t\t\t<div class=\"elementor-widget-container\">\n\t\t\t\t\t<div\t\tclass=\"sc_title sc_title_default\" ><span class=\"sc_item_subtitle sc_title_subtitle sc_item_subtitle_above sc_item_title_style_default\">Ce que nous faisons<\/span><h1 class=\"sc_item_title sc_title_title sc_item_title_style_default sc_item_title_tag\"\n\t\t\t><span class=\"sc_item_title_text\">Nous cr\u00e9ons du confort et de l\u2019\u00e9l\u00e9gance dans chaque maison<\/span><\/h1><div class=\"sc_item_descr sc_title_descr\"><p>Chez Couvreur Armand couverture, nous mettons notre savoir-faire au service de votre toiture.<br \/>\nNous r\u00e9alisons tous vos travaux de couverture : pose, r\u00e9novation, r\u00e9paration, \u00e9tanch\u00e9it\u00e9 et entretien.<br \/>\nNotre objectif est de vous garantir une toiture solide, durable et esth\u00e9tique, pour prot\u00e9ger durablement votre habitation.<\/p>\n<\/div><\/div>\t\t\t\t<\/div>\n\t\t\t\t<\/div>\n\t\t\t\t<div class=\"elementor-element elementor-element-77926b58 sc_fly_static elementor-widget elementor-widget-spacer\" data-id=\"77926b58\" data-element_type=\"widget\" data-e-type=\"widget\" data-widget_type=\"spacer.default\">\n\t\t\t\t<div class=\"elementor-widget-container\">\n\t\t\t\t\t\t\t<div class=\"elementor-spacer\">\n\t\t\t<div class=\"elementor-spacer-inner\"><\/div>\n\t\t<\/div>\n\t\t\t\t\t\t<\/div>\n\t\t\t\t<\/div>\n\t\t\t\t\t<\/div>\n\t\t<\/div>\n\t\t\t\t\t<\/div>\n\t\t<\/section>\n\t\t\t\t<section class=\"elementor-section elementor-top-section elementor-element elementor-element-2afdccb3 elementor-section-boxed elementor-section-height-default elementor-section-height-default sc_fly_static\" data-id=\"2afdccb3\" data-element_type=\"section\" data-e-type=\"section\">\n\t\t\t\t\t\t<div class=\"elementor-container elementor-column-gap-extended\">\n\t\t\t\t\t<div class=\"elementor-column elementor-col-100 elementor-top-column elementor-element elementor-element-6ada8fb1 sc_content_align_inherit sc_layouts_column_icons_position_left sc_fly_static\" data-id=\"6ada8fb1\" data-element_type=\"column\" data-e-type=\"column\">\n\t\t\t<div class=\"elementor-widget-wrap elementor-element-populated\">\n\t\t\t\t\t\t<div class=\"elementor-element elementor-element-72b51e01 sc_height_huge sc_fly_static elementor-widget elementor-widget-spacer\" data-id=\"72b51e01\" data-element_type=\"widget\" data-e-type=\"widget\" data-widget_type=\"spacer.default\">\n\t\t\t\t<div class=\"elementor-widget-container\">\n\t\t\t\t\t\t\t<div class=\"elementor-spacer\">\n\t\t\t<div class=\"elementor-spacer-inner\"><\/div>\n\t\t<\/div>\n\t\t\t\t\t\t<\/div>\n\t\t\t\t<\/div>\n\t\t\t\t\t<\/div>\n\t\t<\/div>\n\t\t\t\t\t<\/div>\n\t\t<\/section>\n\t\t\t\t<section class=\"elementor-section elementor-top-section elementor-element elementor-element-1ad6e166 elementor-section-boxed elementor-section-height-default elementor-section-height-default sc_fly_static\" data-id=\"1ad6e166\" data-element_type=\"section\" data-e-type=\"section\">\n\t\t\t\t\t\t<div class=\"elementor-container elementor-column-gap-extended\">\n\t\t\t\t\t<div class=\"elementor-column elementor-col-100 elementor-top-column elementor-element elementor-element-10116a5c sc_layouts_column_align_center sc_layouts_column sc_content_align_inherit sc_layouts_column_icons_position_left sc_fly_static\" data-id=\"10116a5c\" data-element_type=\"column\" data-e-type=\"column\">\n\t\t\t<div class=\"elementor-widget-wrap elementor-element-populated\">\n\t\t\t\t\t\t<div class=\"elementor-element elementor-element-1d1280ab sc_fly_static elementor-widget elementor-widget-trx_sc_title\" data-id=\"1d1280ab\" data-element_type=\"widget\" data-e-type=\"widget\" data-widget_type=\"trx_sc_title.default\">\n\t\t\t\t<div class=\"elementor-widget-container\">\n\t\t\t\t\t<div\t\tclass=\"sc_title sc_title_default\" ><span class=\"sc_item_subtitle sc_title_subtitle sc_item_subtitle_above sc_item_title_style_default\">Couvreur Armand couverture<\/span><h1 class=\"sc_item_title sc_title_title sc_item_title_style_default sc_item_title_tag\"\n\t\t\t><span class=\"sc_item_title_text\">Nos toitures sont r\u00e9alis\u00e9es exclusivement avec des mat\u00e9riaux haut de gamme<\/span><\/h1><\/div>\t\t\t\t<\/div>\n\t\t\t\t<\/div>\n\t\t\t\t<div class=\"elementor-element elementor-element-1bbfae53 sc_height_small sc_fly_static elementor-widget elementor-widget-spacer\" data-id=\"1bbfae53\" data-element_type=\"widget\" data-e-type=\"widget\" data-widget_type=\"spacer.default\">\n\t\t\t\t<div class=\"elementor-widget-container\">\n\t\t\t\t\t\t\t<div class=\"elementor-spacer\">\n\t\t\t<div class=\"elementor-spacer-inner\"><\/div>\n\t\t<\/div>\n\t\t\t\t\t\t<\/div>\n\t\t\t\t<\/div>\n\t\t\t\t\t<\/div>\n\t\t<\/div>\n\t\t\t\t\t<\/div>\n\t\t<\/section>\n\t\t\t\t<section class=\"elementor-section elementor-top-section elementor-element elementor-element-4f1d681 elementor-section-boxed elementor-section-height-default elementor-section-height-default sc_fly_static\" data-id=\"4f1d681\" data-element_type=\"section\" data-e-type=\"section\">\n\t\t\t\t\t\t<div class=\"elementor-container elementor-column-gap-extended\">\n\t\t\t\t\t<div class=\"elementor-column elementor-col-100 elementor-top-column elementor-element elementor-element-63476d1 sc_content_align_inherit sc_layouts_column_icons_position_left sc_fly_static\" data-id=\"63476d1\" data-element_type=\"column\" data-e-type=\"column\">\n\t\t\t<div class=\"elementor-widget-wrap elementor-element-populated\">\n\t\t\t\t\t\t<div class=\"elementor-element elementor-element-f3844df elementor-widget__width-initial sc_fly_static elementor-widget elementor-widget-image\" data-id=\"f3844df\" data-element_type=\"widget\" data-e-type=\"widget\" data-widget_type=\"image.default\">\n\t\t\t\t<div class=\"elementor-widget-container\">\n\t\t\t\t\t\t\t\t\t\t\t\t\t\t\t<img decoding=\"async\" width=\"1024\" height=\"683\" src=\"https:\/\/couvreur-armand-couverture.fr\/wp-content\/uploads\/2026\/01\/tuiles-maison-4-1024x683.jpg\" class=\"attachment-large size-large wp-image-35343\" alt=\"\" srcset=\"https:\/\/couvreur-armand-couverture.fr\/wp-content\/uploads\/2026\/01\/tuiles-maison-4-1024x683.jpg 1024w, https:\/\/couvreur-armand-couverture.fr\/wp-content\/uploads\/2026\/01\/tuiles-maison-4-300x200.jpg 300w, https:\/\/couvreur-armand-couverture.fr\/wp-content\/uploads\/2026\/01\/tuiles-maison-4-768x512.jpg 768w, https:\/\/couvreur-armand-couverture.fr\/wp-content\/uploads\/2026\/01\/tuiles-maison-4-370x247.jpg 370w, https:\/\/couvreur-armand-couverture.fr\/wp-content\/uploads\/2026\/01\/tuiles-maison-4-840x560.jpg 840w, https:\/\/couvreur-armand-couverture.fr\/wp-content\/uploads\/2026\/01\/tuiles-maison-4-410x273.jpg 410w, https:\/\/couvreur-armand-couverture.fr\/wp-content\/uploads\/2026\/01\/tuiles-maison-4.jpg 1200w\" sizes=\"(max-width: 1024px) 100vw, 1024px\" \/>\t\t\t\t\t\t\t\t\t\t\t\t\t\t\t<\/div>\n\t\t\t\t<\/div>\n\t\t\t\t<div class=\"elementor-element elementor-element-9de166f elementor-widget__width-initial sc_fly_static elementor-widget elementor-widget-image\" data-id=\"9de166f\" data-element_type=\"widget\" data-e-type=\"widget\" data-widget_type=\"image.default\">\n\t\t\t\t<div class=\"elementor-widget-container\">\n\t\t\t\t\t\t\t\t\t\t\t\t\t\t\t<img decoding=\"async\" width=\"1024\" height=\"768\" src=\"https:\/\/couvreur-armand-couverture.fr\/wp-content\/uploads\/2026\/01\/tuile-a-emboitement_-1024x768.webp\" class=\"attachment-large size-large wp-image-35345\" alt=\"\" srcset=\"https:\/\/couvreur-armand-couverture.fr\/wp-content\/uploads\/2026\/01\/tuile-a-emboitement_-1024x768.webp 1024w, https:\/\/couvreur-armand-couverture.fr\/wp-content\/uploads\/2026\/01\/tuile-a-emboitement_-300x225.webp 300w, https:\/\/couvreur-armand-couverture.fr\/wp-content\/uploads\/2026\/01\/tuile-a-emboitement_-768x576.webp 768w, https:\/\/couvreur-armand-couverture.fr\/wp-content\/uploads\/2026\/01\/tuile-a-emboitement_-370x278.webp 370w, https:\/\/couvreur-armand-couverture.fr\/wp-content\/uploads\/2026\/01\/tuile-a-emboitement_-840x630.webp 840w, https:\/\/couvreur-armand-couverture.fr\/wp-content\/uploads\/2026\/01\/tuile-a-emboitement_-410x308.webp 410w, https:\/\/couvreur-armand-couverture.fr\/wp-content\/uploads\/2026\/01\/tuile-a-emboitement_.webp 1200w\" sizes=\"(max-width: 1024px) 100vw, 1024px\" \/>\t\t\t\t\t\t\t\t\t\t\t\t\t\t\t<\/div>\n\t\t\t\t<\/div>\n\t\t\t\t\t<\/div>\n\t\t<\/div>\n\t\t\t\t\t<\/div>\n\t\t<\/section>\n\t\t\t\t<section class=\"elementor-section elementor-top-section elementor-element elementor-element-ddc79ab elementor-section-boxed elementor-section-height-default elementor-section-height-default sc_fly_static\" data-id=\"ddc79ab\" data-element_type=\"section\" data-e-type=\"section\">\n\t\t\t\t\t\t<div class=\"elementor-container elementor-column-gap-extended\">\n\t\t\t\t\t<div class=\"elementor-column elementor-col-100 elementor-top-column elementor-element elementor-element-9ee2214 sc_content_align_inherit sc_layouts_column_icons_position_left sc_fly_static\" data-id=\"9ee2214\" data-element_type=\"column\" data-e-type=\"column\">\n\t\t\t<div class=\"elementor-widget-wrap\">\n\t\t\t\t\t\t\t<\/div>\n\t\t<\/div>\n\t\t\t\t\t<\/div>\n\t\t<\/section>\n\t\t\t\t<\/div>\n\t\t","protected":false},"excerpt":{"rendered":"<p>Nos services B\u00e9n\u00e9ficiez des meilleurs services et solutions pour votre toiture Installation r\u00e9paration remplacement Maintenance Ce que nous faisons Nous cr\u00e9ons du confort et de l\u2019\u00e9l\u00e9gance dans chaque maison Chez&hellip;<\/p>\n","protected":false},"author":1,"featured_media":0,"parent":0,"menu_order":0,"comment_status":"closed","ping_status":"closed","template":"","meta":{"footnotes":""},"class_list":["post-29509","page","type-page","status-publish","hentry"],"_links":{"self":[{"href":"https:\/\/couvreur-armand-couverture.fr\/index.php?rest_route=\/wp\/v2\/pages\/29509","targetHints":{"allow":["GET"]}}],"collection":[{"href":"https:\/\/couvreur-armand-couverture.fr\/index.php?rest_route=\/wp\/v2\/pages"}],"about":[{"href":"https:\/\/couvreur-armand-couverture.fr\/index.php?rest_route=\/wp\/v2\/types\/page"}],"author":[{"embeddable":true,"href":"https:\/\/couvreur-armand-couverture.fr\/index.php?rest_route=\/wp\/v2\/users\/1"}],"replies":[{"embeddable":true,"href":"https:\/\/couvreur-armand-couverture.fr\/index.php?rest_route=%2Fwp%2Fv2%2Fcomments&post=29509"}],"version-history":[{"count":23,"href":"https:\/\/couvreur-armand-couverture.fr\/index.php?rest_route=\/wp\/v2\/pages\/29509\/revisions"}],"predecessor-version":[{"id":35448,"href":"https:\/\/couvreur-armand-couverture.fr\/index.php?rest_route=\/wp\/v2\/pages\/29509\/revisions\/35448"}],"wp:attachment":[{"href":"https:\/\/couvreur-armand-couverture.fr\/index.php?rest_route=%2Fwp%2Fv2%2Fmedia&parent=29509"}],"curies":[{"name":"wp","href":"https:\/\/api.w.org\/{rel}","templated":true}]}}